 = -6*f. Suppose -2376 = -f*j + 4*x + 331, 1823 = 2*j + x. What is the units digit of j?
9
Suppose -2*s + 2*v + 704 = 0, -3*v = 5*s - 1398 - 370. Suppose -2*k + 5 = 5*d, 0*k - 4*k = 2*d - 2. Suppose k = 4*b - s + 53. What is the units digit of b?
5
Let j(c) = -29*c + 661. What is the hundreds digit of j(-7)?
8
Let b = -10395 + 19387. What is the tens digit of b?
9
Suppose 4 = 2*j + 2*u, -j + u = -8 - 2. Let n(m) = -13*m - 39. Let s(o) = -13*o - 40. Let k(v) = -3*n(v) + 2*s(v). What is the units digit of k(j)?
5
Let c be 4/6 - 1281/(-63). Suppose -6*k + 3*k - 2*x = -c, k = -2*x + 11. Suppose 0 = -2*m + k*l + 71, 2*l + 194 = 5*m - 36. What is the units digit of m?
8
Let v(q) = -2*q + 4. Let r be v(1). Let n(c) = c**3 - 8*c**2 + 7*c + 5. Let i be n(7). What is the units digit of r/(i*1/200)?
0
Suppose -125 = -k + 3*p, -p + 0 = 3. What is the tens digit of 8/k - 643671/(-609)?
5
Let u(h) = 63*h**3 + 4*h**2 - 18*h + 57. Let v(p) = -94*p**3 - 6*p**2 + 26*p - 85. Let m(t) = 8*u(t) + 5*v(t). What is the tens digit of m(2)?
8
Suppose -2484*l + 5344 = -2476*l. What is the units digit of l?
8
Suppose 20*w - 16*w = 1880. What is the tens digit of w?
7
Let c be (3 + (-12)/4)/1. Suppose -2*s - 499 + 1519 = c. Suppose -10*t + s = -200. What is the units digit of t?
1
Suppose -141*y + 13076496 = 300*y - 15*y. What is the hundreds digit of y?
6
Suppose 5*h = 2*c + 47, -h - 31 = c - 5*h. Let s be 1 + 20 + (-4 - c - 3). Suppose 80 + s = j. What is the units digit of j?
5
What is the hundreds digit of (-1 - -3154 - -3)/(11 + (-384)/36)?
4
Let j(t) = t**3 + 12*t**2 - 24*t - 19. Let g be j(-14). Let m = 87 - g. What is the units digit of m?
2
What is the thousands digit of (83675/45 + (-3)/27)*(19 - 1)?
3
Let o(i) = -i**2 + 40*i - 73. Let t be o(38). Suppose 2*p - t*g = -2*p + 440, -p + 4*g + 110 = 0. What is the units digit of p?
0
Suppose -89*w = -c - 85*w + 50699, 5*c + 3*w - 253610 = 0. What is the thousands digit of c?
0
Suppose -6*n + 11757 = 717. Suppose 160*w - n = 156*w. What is the hundreds digit of w?
4
Suppose -2138 = -5*s + 4*j, 2007 + 7011 = 21*s - 4*j. What is the units digit of s?
0
Suppose 0 = -7*d + 16*d + 25*d - 81396. What is the tens digit of d?
9
What is the thousands digit of (-16)/36 - 80*(30316/(-72) + -8)?
4
Let u = 134 + 822. Suppose -18*k - u = -22*k. What is the units digit of k?
9
Let r(x) = 6*x - 46. Let t(z) = -2*z**3 - 11*z**2 - 8*z - 10. Let j be t(-5). Suppose 0 = l - 3*o - 15, -o = j*l + 2*o - 75. What is the tens digit of r(l)?
4
What is the units digit of (-88475)/(-85) + 62/527?
1
Let m(b) = 28*b**2 + 10*b - 3. Let p be m(5). Let o be 4/(-12)*3 + p. Let y = o - 523. What is the units digit of y?
3
Let a(r) = -645*r - 90. Let l be a(-4). Suppose -10872 = -17*x + l. What is the hundreds digit of x?
7
Suppose 7*b = 118 + 267. Suppose b*t - 3654 = 48*t. What is the units digit of t?
2
Suppose -53583 = -2*f + 3*c, -2*c + 1975 = -3*f + 82347. What is the tens digit of f?
9
Suppose -4*o + 4 + 4 = 0. Let f = 93 + -83. Suppose 0*s = o*s - f. What is the units digit of s?
5
Let q = 173 + -178. Suppose -8*l + 207 = -5*l. Let a = q + l. What is the units digit of a?
4
Suppose 3*o - 139*a = -135*a + 170565, 4*o - 227390 = 2*a. What is the ten thousands digit of o?
5
Let s = 529 - 332. Let u = 256 - s. What is the units digit of u?
9
Suppose 5*t = p + 468, -19*p + 18*p = 3. What is the units digit of 2/3 + 14167/t?
3
Let j be (4/2)/(-1) + -3. Let b be (-2 + 1)*-6*j/(-10). Suppose -610 = -b*i - 2*i. What is the hundreds digit of i?
1
Suppose -3*l - u = 5, 0 = -l - l - u - 2. Let w(s) = -5*s + 3. What is the tens digit of w(l)?
1
Let o = -179 + 323. Suppose -4*b = -3*p - 2357, o + 1035 = 2*b - p. What is the hundreds digit of b?
5
Suppose 4*i - n = 84925, -3*i = 2*i + n - 106154. Suppose -30*o + i = -9*o. What is the tens digit of o?
1
Suppose 0 = -0*k + 9*k + 5103. Let x be (k - 6)*3/(-9). Suppose 2*h - 271 = x. What is the hundreds digit of h?
2
Let d(y) = y**3 - 3*y**2 + 2*y - 16. Let m be d(4). Let q(s) = 5*s**2 + 15*s - 64. What is the hundreds digit of q(m)?
3
Suppose -4*p - 10*p + 70 = 0. Suppose -v + 3*x + 10 = 0, 3*v - 9 = v - p*x. What is the tens digit of (-2)/v - (-338)/7?
4
Let c = -374 - -3126. What is the hundreds digit of c?
7
Let m = 82 + -79. Suppose -u = -m*l + 457, -2*l + 7*l - 771 = 4*u. What is the units digit of l?
1
Let t = 158 - 64. Let f = t + -73. What is the tens digit of f?
2
Let k = 324 - 318. What is the hundreds digit of 270/405 + (4996/k)/2?
4
Suppose -n = -4*g - 722, 0 = -4*n - 3*g + 1424 + 1407. Let c = n + -424. What is the hundreds digit of c?
2
Suppose 2*m - 22*d = -24*d + 23944, 2*m = d + 23935. What is the ten thousands digit of m?
1
Let x be (3*16/6)/(38/532). Suppose -x*l + 772 = -110*l. What is the units digit of l?
6
Let p be (-92)/(-322) - 28150/(-14). Suppose -p = -3*l + 4*d - 6*d, 3*d = 5*l - 3339. What is the units digit of l?
9
Let r(y) = -155*y**3 + 3*y**2 - 24*y - 112. What is the tens digit of r(-4)?
5
Suppose 0 = -4*c + 3*g + 208, 57*g = 55*g. Suppose 0 = -54*x + c*x + 1026. What is the units digit of x?
3
Suppose -98*k = -16105 + 4835. Suppose 0 = 3*n + 2*r - 4*r - 19, 0 = -n - 3*r - 1. Suppose -3*p - 12 = 0, n*p + k = a - 56. What is the hundreds digit of a?
1
Let b(w) = -4*w + 4. Let l be b(0). Suppose 2*s + 10 = l*s. Suppose s*g - 279 = 4*m, -2*m - 303 = -5*g - 4*m. What is the units digit of g?
9
Suppose 2*n - 14 = 10. Let o(m) = -m**2 + 16*m - 40. Let l be o(n). What is the tens digit of l/28 - (2451/(-21) - 1)?
1
Suppose 4*a - 3*k - 48 = k, -5*a + 68 = -k. Suppose -a*t = -1581 + 13. Suppose -t*s - 328 = -116*s. What is the tens digit of s?
8
Let w = 18528 - -5503. What is the thousands digit of w?
4
Let n = 137 - 132. Suppose 5*y - 331 = 2*q, 393 - 66 = n*y - 4*q. What is the tens digit of y?
6
Let m be (-6)/(-9)*45/6. Let d(k) = 9*k**3 - 10 - k - 5*k**3 + 4714*k**2 - 4724*k**2. What is the tens digit of d(m)?
3
Let r(w) = -3*w - 26. Let k be r(-8). Let g be k*(-4 - -3)*11. Suppose -h = -g - 41. What is the units digit of h?
3
Let p = 881 - 874. Suppose p*n - 3634 = 797. What is the units digit of n?
3
Suppose -49*q + 1539309 + 475658 = -407348. What is the units digit of q?
5
Let m(d) = 7*d**2 - 154*d - 2868. What is the tens digit of m(-17)?
7
Suppose 158*a - 250505 - 25995 = 0. What is the thousands digit of a?
1
Suppose -13*w - 74 - 56 = 0. What is the tens digit of 1*(-405)/w*2?
8
Let n(g) be the second derivative of g**3/6 + 19*g**2/2 + 10*g. Let y be n(-22). Let u = y + 5. What is the units digit of u?
2
What is the thousands digit of (15*(-23)/460 + 1781/(-4))*-163?
2
Suppose 0 = -34*o - 44517 + 632275. What is the units digit of o?
7
Suppose -4*o + 5 = -5*z, 4*o = o - z - 1. Let m be 12/(-10) - -1 - (-3944)/20. Suppose o = -4*a + m + 131. What is the units digit of a?
2
Suppose -140084 = -12*a + 80296. What is the hundreds digit of a?
3
Let u(j) = 3*j**3 + 20*j**2 + 5*j - 1. Let k be u(-6). What is the tens digit of (k/82)/((-1)/(-1342))?
7
Suppose 3*d + d + 1500 = 0. What is the tens digit of 1/(d/(-370) - 1)?
7
Suppose -5*n + 4*d = -0*n - 8939, -3*d - 3570 = -2*n. Let q = -937 + n. What is the units digit of q?
4
Let t(p) = 3*p**2 + p - 2. Let j be t(-2). Suppose -z = -3*z + d + j, -5*z - 5*d = -20. Suppose 43 - 267 = -z*x. What is the tens digit of x?
5
Let p(h) = -3*h**3 - 27*h**2 - 21*h - 186. What is the tens digit of p(-18)?
4
Suppose -2*q = -5*r + 10, q = 4*r - 0*q - 11. Suppose 2745 = r*m + m. What is the hundreds digit of m?
5
Let n be (18/12 + -2)/((-1)/(-6)). What is the tens digit of 8 + -8 + n/((-9)/1596)?
3
Suppose -4*w + 6*w - f = 36963, -5*w + f = -92406. What is the hundreds digit of w?
4
Let j(p) = -2466*p - 2539. What is the ten thousands digit of j(-22)?
5
Suppose 148296 = -447*m + 471*m. What is the thousands digit of m?
6
Let o be 6/4*(-80)/(-15). Let u(y) = 3*y**2 - 4*y - 13. Let g be u(o). What is the tens digit of (4/(-3))/(6 + (-896)/g)?
1
Let w be 22/(-121) - (-57)/11. Suppose v + 1325 = 2*z - 56, 5*z = -4*v + 3433. What is the hundreds digit of (z + -4)/w*(1 - 0)?
1
Let q(h) = 5*h**3 - 3*h**2 + 8*h - 1762. Let z(d) = -9*d**3 + 5*d**2 - 15*d + 3524. Let v(o) = 7*q(o) + 4*z(o). What is the tens digit of v(0)?
6
Suppose -27567 = -14*w - 13*w. W